010100?
-1000001011110110101
In base 4, what is -122123322022323 + -3?
-122123322022332
In base 8, what is -576164433 + -3?
-576164436
In base 15, what is d3deb60 - 3?
d3deb5c
In base 11, what is -2 - -54a4136?
54a4134
In base 12, what is 6234046 + 2?
6234048
In base 12, what is -1861 + -1275?
-2b16
In base 16, what is 4 - 14a90d?
-14a909
In base 11, what is 5 - -15493267?
15493271
In base 8, what is -4427 + 436451?
432022
In base 14, what is 5 + -a1a05?
-a1a00
In base 11, what is -3 + 12466964?
12466961
In base 10, what is -16675488 + 2?
-16675486
In base 2, what is -1111 - -100110010010011101111111?
100110010010011101110000
In base 8, what is 53331605 + 4?
53331611
In base 8, what is -6 - 4200445?
-4200453
In base 8, what is -53 + -12565031?
-12565104
In base 10, what is 7 + -1686644?
-1686637
In base 8, what is 133065204 + -3?
133065201
In base 12, what is -56 + 38631?
38597
In base 7, what is 3 + 1620610164?
1620610200
In base 12, what is 2 + 41222?
41224
In base 3, what is 102 - 2111010112001022?
-2111010112000220
In base 12, what is 33748140 - 3?
33748139
In base 2, what is 110111111 + 10011000010100010001?
10011000011011010000
In base 3, what is 11 - -100202220102122102?
100202220102122120
In base 12, what is -6a47a5 - -2?
-6a47a3
In base 7, what is 114 - 365531?
-365414
In base 3, what is -1010 + -22021021100102?
-22021021101112
In base 13, what is -1a + 8bb3bc?
8bb3a2
In base 12, what is 20a72b + -a9b?
209850
In base 13, what is c669382 - 10?
c669372
In base 7, what is -21 + -11666136?
-11666160
In base 6, what is 332014 - 2554?
325020
In base 16, what is -8 + -304cf0?
-304cf8
In base 2, what is -1100 - 1001000101000110011000?
-1001000101000110100100
In base 9, what is 2371872 - 0?
2371872
In base 4, what is -133123 - -21022330?
20223201
In base 6, what is 32131 - -12124?
44255
In base 4, what is 233202333333 + -1?
233202333332
In base 5, what is -1030 + -422321444?
-422323024
In base 13, what is -16b5 - 25b3?
-3c98
In base 9, what is -3413575 - 0?
-3413575
In base 9, what is -1347165 + 7?
-1347157
In base 12, what is -3 - 6b1161?
-6b1164
In base 14, what is -1327ca54 + -4?
-1327ca58
In base 8, what is -23576614030 - 4?
-23576614034
In base 7, what is -1061546 - -1015?
-1060531
In base 15, what is -b5534 - -6?
-b552d
In base 5, what is -2430343224 + -1?
-2430343230
In base 4, what is -23220003 - -2?
-23220001
In base 16, what is 458 + -f0812?
-f03ba
In base 14, what is 385720 - -5?
385725
In base 16, what is -56729 - -1?
-56728
In base 12, what is -177757a9 - -2?
-177757a7
In base 5, what is 33 - 14002012?
-14001424
In base 16, what is -2 - -33c83c?
33c83a
In base 7, what is 14046 + -53154?
-36105
In base 16, what is -4 + 396a68?
396a64
In base 11, what is 375 - -10777?
11041
In base 2, what is -110010110110010000000100 - -1?
-110010110110010000000011
In base 6, what is 4 - 540322521?
-540322513
In base 16, what is 53f - -15a1?
1ae0
In base 16, what is -ee8 + 2cb?
-c1d
In base 3, what is -11011221122122 - 2011?
-11011221201210
In base 9, what is -1701068 + 15?
-1701053
In base 12, what is -86745 + -166?
-868ab
In base 16, what is -151 - 13907?
-13a58
In base 13, what is 16 - 57936?
-57920
In base 2, what is 10011101011 - 100100001110?
-10000100011
In base 5, what is -24442 + -113024?
-143021
In base 3, what is -2202220 - 11000121121?
-11010101111
In base 13, what is -4 - 249427?
-24942b
In base 2, what is -11111101000010 + 10001100111?
-11101011011011
In base 3, what is 122020 - -1010222200?
1011121220
In base 11, what is -6 + 52a701?
52a6a6
In base 14, what is 16 + -14b378?
-14b362
In base 7, what is 23424235306 - 0?
23424235306
In base 7, what is -1130 - -2614162?
2613032
In base 13, what is 0 - -81924?
81924
In base 4, what is -1130 - 1333213110?
-1333220300
In base 2, what is 11100010000 + 110100000101100?
110111100111100
In base 7, what is -3011316 + -51?
-3011400
In base 11, what is 477745 - -2?
477747
In base 11, what is -a43a26 + -a?
-a43a35
In base 16, what is -3 - 558f2b?
-558f2e
In base 13, what is -17a911 + 11?
-17a900
In base 6, what is 12534005 + 134?
12534143
In base 3, what is 1110100221 - -20202110?
1201010101
In base 11, what is -142a09 - -287?
-142732
In base 9, what is -550 - -77462?
76812
In base 13, what is 895 + 2908?
34a0
In base 10, what is -41 - 917?
-958
In base 3, what is -1012202100001 + -11?
-1012202100012
In base 13, what is 81c + c003?
c822
In base 14, what is -17 + -480549?
-480562
In base 9, what is -1376 - 34567?
-36054
In base 16, what is -1a5e1afd - -1?
-1a5e1afc
In base 10, what is 584786408 + -1?
584786407
In base 8, what is 215256612 + 5?
215256617
In base 5, what is -112233 - -3402103?
3234320
In base 5, what is -310322 + 10140?
-300132
In base 12, what is -15 + 103a059?
103a044
In base 4, what is 10 + -102013113032?
-102013113022
In base 16, what is -441bc - -10?
-441ac
In base 5, what is -34333 + 200123?
110240
In base 4, what is 1 + 12323310022?
12323310023
In base 7, what is 22146105 + 0?
22146105
In base 13, what is 7a2 - 36a8?
-2c06
In base 10, what is 101167 - 1355?
99812
In base 6, what is -11010251 + -2100?
-11012351
In base 8, what is -21 - -1102451?
1102430
In base 2, what is 100110111000110100111010 - 110?
100110111000110100110100
In base 4, what is -2023212220 - -103?
-2023212111
In base 8, what is -70641 + -22417?
-113260
In base 12, what is 56 - 1b3b39?
-1b3aa3
In base 12, what is 427831 - 28?
427805
In base 7, what is -342150440 - 11?
-342150451
In base 2, what is 101001100 - -11001100110001011?
11001101011010111
In base 12, what is 1389a72 + 12?
1389a84
In base 13, what is -46a + 132ca?
12b60
In base 2, what is 100 - 10010001111000101011?
-10010001111000100111
In base 13, what is 3 - 93cb4a?
-93cb47
In base 12, what is 122436 - -351?
122787
In base 15, what is 167899b2 + 3?
167899b5
In base 6, what is -2 - -52312524?
52312522
In base 10, what is -5 + -19362351?
-19362356
In base 15, what is -11b61 + 223?
-1193d
In base 9, what is -640 + 180445?
178705
In base 14, what is -1 - -cd4440a?
cd44409
In base 15, what is -b81843 + 5?
-b8183d
In base 16, what is 5285 - -e4?
5369
In base 10, what is -2 + -3008023?
-3008025
In base 6, what is 31 - -12344015?
12344050
In base 3, what is -2000120121220111 + 12?
-2000120121220022
In base 11, what is 3924a46 + 10?
3924a56
In base 16, what is dc - -1beb5?
1bf91
In base 16, what is -37 - -33c2a6?
33c26f
In base 4, what is -2 - -2312232110201?
2312232110133
In base 5, what is -312413440 + 1311?
-312412124
In base 4, what is -133310002130 - 3?
-133310002133
In base 9, what is 21555 + -630?
20825
In base 4, what is -3 + -102130031232?
-102130031301
In base 15, what is 10b09 - -b5?
10bbe
In base 7, what is -332042 + 14?
-332025
In base 15, what is 1ab83 - -1245?
1bdc8
In base 7, what is 322232 - -33312?
355544
In base 4, what is -33100 + -323101?
-1022201
In base 10, what is -3151 + -24111?
-27262
In base 7, what is 255611 - -1514?
260425
In base 3, what is -112 - 2121200002021?
-2121200002210
In base 6, what is 12 - -22143112042?
22143112054
In base 8, what is 2063374 - -130?
2063524
In base 5, what is 141233 - -42424?
234212
In base 4, what is 132222333333 - -11?
132223000010
In base 9, what is 34 - 1048184?
-1048150
In base 8, what is -2714754 + -73?
-2715047
In base 12, what is -2429 + 2994?
567
In base 5, what is -14104 - -4442?
-4112
In base 6, what is -10341213 - 14?
-10341231
In base 4, what is -230 + 2112112113?
2112111223
In base 16, what is -21eeea - -13?
-21eed7
In base 4, what is 2 + -22030020303?
-22030020301
In base 14, what is b5a486 - 44?
b5a442
In base 16, what is -5 - -59a89a?
59a895
In base 7, what is -1542163 - -305?
-1541555
In base 5, what is -114 - 14424?
-20043
In base 4, what is 2000021 - 20311013?
-12310332
In base 5, what is -1024012322 - -10?
-1024012312
In base 6, what is 205120001310 - -4?
205120001314
In base 7, what is 61336 - -1236?
62605
In base 10, what is 47826 - -154?
47980
In base 7, what is 24614 - 20502?
4112
In base 2, what is 100000000010011 + 101110011100010?
1001110011110101
In base 12, what is 1406 + -54512?
-53108
In base 11, what is -2555469a - 5?
-255546a4
In base 12, what is 9a529b + -2?
9a5299
In base 12, what is 154 - -10ab9?
11051
In base 3, what is 1200121122210101 - 10?
1200121122210021
In